{"id":163,"date":"2015-09-26T06:17:42","date_gmt":"2015-09-26T04:17:42","guid":{"rendered":"http:\/\/podruznica-javorje.splet.arnes.si\/?page_id=163"},"modified":"2016-09-29T06:29:18","modified_gmt":"2016-09-29T04:29:18","slug":"spletni-dnevnik-tja-1-in-2-r","status":"publish","type":"page","link":"https:\/\/podruznica-javorje.splet.arnes.si\/?page_id=163","title":{"rendered":"Spletni dnevnik TJA za 1. in 2. triletje"},"content":{"rendered":"<p>V dnevniku\u00a0na naslovu\u00a0<a href=\"http:\/\/shrambica.blogspot.si\/\">http:\/\/shrambica.blogspot.si\/<\/a>\u00a0bomo z u\u010denci 1. in 2. triletja O\u0160 Poljane in P\u0160 Javorje shranjevali kozar\u010dke idej, peharje izku\u0161enj in stekleni\u010dke znanja.<\/p>\n<p>Spletni dnevnik vodi u\u010diteljica Mateja Tu\u0161ek.<\/p>\n","protected":false},"excerpt":{"rendered":"<p>V dnevniku\u00a0na naslovu\u00a0http:\/\/shrambica.blogspot.si\/\u00a0bomo z u\u010denci 1. in 2. triletja O\u0160 Poljane in P\u0160 Javorje shranjevali kozar\u010dke idej, peharje izku\u0161enj in stekleni\u010dke znanja. Spletni dnevnik vodi u\u010diteljica Mateja Tu\u0161ek.<\/p>\n","protected":false},"author":1973,"featured_media":0,"parent":0,"menu_order":9,"comment_status":"open","ping_status":"open","template":"","meta":{"_et_pb_use_builder":"","_et_pb_old_content":"","_et_gb_content_width":"","ngg_post_thumbnail":0,"footnotes":""},"class_list":["post-163","page","type-page","status-publish","hentry"],"_links":{"self":[{"href":"https:\/\/podruznica-javorje.splet.arnes.si\/index.php?rest_route=\/wp\/v2\/pages\/163","targetHints":{"allow":["GET"]}}],"collection":[{"href":"https:\/\/podruznica-javorje.splet.arnes.si\/index.php?rest_route=\/wp\/v2\/pages"}],"about":[{"href":"https:\/\/podruznica-javorje.splet.arnes.si\/index.php?rest_route=\/wp\/v2\/types\/page"}],"author":[{"embeddable":true,"href":"https:\/\/podruznica-javorje.splet.arnes.si\/index.php?rest_route=\/wp\/v2\/users\/1973"}],"replies":[{"embeddable":true,"href":"https:\/\/podruznica-javorje.splet.arnes.si\/index.php?rest_route=%2Fwp%2Fv2%2Fcomments&post=163"}],"version-history":[{"count":3,"href":"https:\/\/podruznica-javorje.splet.arnes.si\/index.php?rest_route=\/wp\/v2\/pages\/163\/revisions"}],"predecessor-version":[{"id":1226,"href":"https:\/\/podruznica-javorje.splet.arnes.si\/index.php?rest_route=\/wp\/v2\/pages\/163\/revisions\/1226"}],"wp:attachment":[{"href":"https:\/\/podruznica-javorje.splet.arnes.si\/index.php?rest_route=%2Fwp%2Fv2%2Fmedia&parent=163"}],"curies":[{"name":"wp","href":"https:\/\/api.w.org\/{rel}","templated":true}]}}