{"id":93,"date":"2015-08-27T12:44:13","date_gmt":"2015-08-27T10:44:13","guid":{"rendered":"http:\/\/podruznica-javorje.splet.arnes.si\/?page_id=93"},"modified":"2017-09-01T08:17:35","modified_gmt":"2017-09-01T06:17:35","slug":"vizitka-ps-javorje","status":"publish","type":"page","link":"https:\/\/podruznica-javorje.splet.arnes.si\/?page_id=93","title":{"rendered":"Vizitka P\u0160 Javorje"},"content":{"rendered":"<h3><\/h3>\n<h3>Javorje 6, 4223 Poljane<\/h3>\n<h4><a href=\"http:\/\/podruznica-javorje.splet.arnes.si\/files\/2015\/06\/javorje.jpg\"><img loading=\"lazy\" decoding=\"async\" class=\"alignright wp-image-43 size-medium\" src=\"http:\/\/podruznica-javorje.splet.arnes.si\/files\/2015\/06\/javorje-300x225.jpg\" alt=\"PS Javorje\" width=\"300\" height=\"225\" srcset=\"https:\/\/podruznica-javorje.splet.arnes.si\/files\/2015\/06\/javorje-300x225.jpg 300w, https:\/\/podruznica-javorje.splet.arnes.si\/files\/2015\/06\/javorje.jpg 800w\" sizes=\"(max-width: 300px) 100vw, 300px\" \/><\/a><\/h4>\n<h4>Enota \u0161ole:<\/h4>\n<p>Telefon: (04) 50-70-501<br \/>\nE-po\u0161ta: podruznica.javorje(at)sola-poljane.si<\/p>\n<p>Vodja enote: Maja Kokalj<\/p>\n<p>Spletna stran mati\u010dne \u0161ole v Poljanah z aktualnimi obvestili:\u00a0<a href=\"http:\/\/www2.arnes.si\/~oskrpo1s\/\">www2.arnes.si\/~oskrpo1s<\/a><\/p>\n","protected":false},"excerpt":{"rendered":"<p>Javorje 6, 4223 Poljane Enota \u0161ole: Telefon: (04) 50-70-501 E-po\u0161ta: podruznica.javorje(at)sola-poljane.si Vodja enote: Maja Kokalj Spletna stran mati\u010dne \u0161ole v Poljanah z aktualnimi obvestili:\u00a0www2.arnes.si\/~oskrpo1s<\/p>\n","protected":false},"author":5907,"featured_media":0,"parent":4,"menu_order":1,"comment_status":"open","ping_status":"open","template":"","meta":{"_et_pb_use_builder":"","_et_pb_old_content":"","_et_gb_content_width":"","ngg_post_thumbnail":0,"footnotes":""},"class_list":["post-93","page","type-page","status-publish","hentry"],"_links":{"self":[{"href":"https:\/\/podruznica-javorje.splet.arnes.si\/index.php?rest_route=\/wp\/v2\/pages\/93","targetHints":{"allow":["GET"]}}],"collection":[{"href":"https:\/\/podruznica-javorje.splet.arnes.si\/index.php?rest_route=\/wp\/v2\/pages"}],"about":[{"href":"https:\/\/podruznica-javorje.splet.arnes.si\/index.php?rest_route=\/wp\/v2\/types\/page"}],"author":[{"embeddable":true,"href":"https:\/\/podruznica-javorje.splet.arnes.si\/index.php?rest_route=\/wp\/v2\/users\/5907"}],"replies":[{"embeddable":true,"href":"https:\/\/podruznica-javorje.splet.arnes.si\/index.php?rest_route=%2Fwp%2Fv2%2Fcomments&post=93"}],"version-history":[{"count":4,"href":"https:\/\/podruznica-javorje.splet.arnes.si\/index.php?rest_route=\/wp\/v2\/pages\/93\/revisions"}],"predecessor-version":[{"id":2661,"href":"https:\/\/podruznica-javorje.splet.arnes.si\/index.php?rest_route=\/wp\/v2\/pages\/93\/revisions\/2661"}],"up":[{"embeddable":true,"href":"https:\/\/podruznica-javorje.splet.arnes.si\/index.php?rest_route=\/wp\/v2\/pages\/4"}],"wp:attachment":[{"href":"https:\/\/podruznica-javorje.splet.arnes.si\/index.php?rest_route=%2Fwp%2Fv2%2Fmedia&parent=93"}],"curies":[{"name":"wp","href":"https:\/\/api.w.org\/{rel}","templated":true}]}}